 2) to base 4.
-13122323303
211233253 (base 6) to base 11
2101427
471053 (base 9) to base 14
75152
-82c338 (base 15) to base 7
-103563521
-28b6b4 (base 12) to base 11
-427629
-2ba38 (base 14) to base 8
-324742
What is -7249a (base 11) in base 2?
-11001110100001110
141120400 (base 5) to base 13
1c4259
-50023 (base 14) to base 7
-1430043
What is 65423a (base 13) in base 9?
4426343
Convert -13400355 (base 6) to base 4.
-1232021033
1212122200212 (base 3) to base 5
223401202
Convert -12220211120 (base 3) to base 7.
-663465
21200323223 (base 4) to base 8
11407353
Convert -1112230001 (base 4) to base 13.
-c5804
What is 19149 (base 16) in base 11?
70200
330311311 (base 4) to base 16
3cd75
1062670 (base 8) to base 14
77048
-111221201220 (base 3) to base 2
-1000011000011010001
Convert 4321539 (base 11) to base 15.
a020a7
What is 430413221 (base 5) in base 8?
6720004
Convert 256775 (base 13) to base 12.
3748b8
What is -80a37 (base 14) in base 10?
-309337
What is 6250c (base 15) in base 14?
817db
What is 3716d (base 15) in base 16?
2aed4
Convert -cd7f4 (base 16) to base 15.
-1195e6
What is 2417365 (base 10) in base 5?
1104323430
What is 1010111000100110111 (base 2) in base 6?
11351115
111010122121 (base 3) to base 12
105751
What is -23511320 (base 6) in base 4?
-2310300000
Convert -16a01b (base 14) to base 10.
-795785
-100312320 (base 4) to base 11
-47971
What is -7232a (base 14) in base 5?
-32300101
What is a88b93 (base 12) in base 4?
22023302133
What is 84746 (base 12) in base 6?
3420530
What is 38b2b2 (base 12) in base 6?
31545542
What is -3562236 (base 7) in base 10?
-452199
Convert -21545320 (base 6) to base 10.
-651792
Convert 5568c (base 14) to base 6.
4234444
Convert -2997770 (base 12) to base 4.
-200011202010
What is 6102716 (base 9) in base 5?
1312442420
Convert -344616 (base 11) to base 5.
-120012114
Convert -37b21b (base 13) to base 8.
-5065737
-1102034 (base 7) to base 12
-6627b
What is 7b730 (base 12) in base 13?
5a270
Convert 4507320 (base 8) to base 5.
302404313
Convert 1001121321 (base 4) to base 13.
94c26
4032625 (base 12) to base 11
6863730
What is -223233130 (base 4) in base 15?
-38144
-5244524 (base 6) to base 13
-8c143
11212220012 (base 3) to base 2
10111011110011000
6064336 (base 9) to base 13
891972
What is 55875 (base 9) in base 6?
444022
Convert -34824 (base 12) to base 2.
-10001001010011100
Convert -130a882 (base 11) to base 13.
-615a6a
-52109 (base 10) to base 9
-78428
What is 1406533 (base 11) in base 12?
98b008
178278 (base 9) to base 2
11011000111000001
Convert 559792 (base 13) to base 15.
29d94a
What is 3030663 (base 9) in base 14?
30056d
What is -10001012220 (base 3) in base 5?
-3404222
112232223202 (base 4) to base 5
3011131440
What is -155969 (base 11) in base 8?
-730633
150441034 (base 6) to base 9
5768084
What is 2001111101102 (base 3) in base 5?
234423243
What is -17324 (base 10) in base 16?
-43ac
What is -1033207 (base 9) in base 7?
-4463434
Convert -3714175 (base 8) to base 16.
-f987d
Convert -20233231232 (base 4) to base 5.
-1041330330
Convert 3321a2 (base 12) to base 11.
50542a
What is 33013020111 (base 4) in base 6?
220523353
Convert 14631 (base 10) to base 4.
3210213
-8b129 (base 15) to base 13
-12648c
10000101000111100101011 (base 2) to base 5
2104041102
Convert 35546 (base 9) to base 8.
56337
-161251 (base 9) to base 7
-562441
Convert 291a61 (base 11) to base 12.
1a01bb
Convert -41265 (base 9) to base 12.
-138a2
1414386 (base 10) to base 2
101011001010011110010
-34412600 (base 9) to base 4
-333301320030
-1a26 (base 16) to base 5
-203234
11110100111000101 (base 2) to base 7
1031354
27dd57 (base 16) to base 3
11220201202202
95ed7 (base 16) to base 11
38a426
Convert 23241 (base 7) to base 12.
3546
Convert -1464343 (base 7) to base 3.
-101012111021
What is 1122112220 (base 3) in base 14?
bb9c
What is -5009081 (base 11) in base 8?
-41653761
Convert 10001001101000011 (base 2) to base 8.
211503
-9142a8 (base 13) to base 15
-46b4c7
Convert -21110200210211 (base 3) to base 2.
-1111001001001111001010
What is -548717 (base 9) in base 7?
-2533663
Convert -1101102001112 (base 3) to base 12.
-2b614b
Convert 6a396 (base 13) to base 14.
5098a
287332 (base 10) to base 4
1012021210
What is -311310330 (base 4) in base 8?
-656474
What is -36159 (base 15) in base 3?
-22202112110
-3444254 (base 6) to base 12
-8668a
164841 (base 12) to base 16
5d1b1
2367463 (base 8) to base 7
5351063
What is -1a75b92 (base 12) in base 15?
-763145
Convert 19c264d (base 14) to base 16.
c3e32d
Convert -33aa2 (base 14) to base 16.
-1ea8e
10100101000011111 (base 2) to base 4
110220133
What is 7767 (base 13) in base 15?
4dec
Convert 221176 (base 9) to base 10.
132099
Convert -40403103 (base 5) to base 13.
-b5160
1251015 (base 6) to base 12
33a6b
What is 141023 (base 11) in base 4?
311330223
What is -12212 (base 10) in base 2?
-10111110110100
What is -2901c9 (base 13) in base 8?
-3641041
Convert -10766660 (base 10) to base 13.
-22cc808
What is 3264 (base 15) in base 14?
3c61
120211100111020 (base 3) to base 12
2997973
-31127a (base 13) to base 8
-4274364
2202231 (base 5) to base 8
111670
Convert -249470 (base 10) to base 8.
-747176
Convert -20505150 (base 6) to base 7.
-5045655
What is -1330240041 (base 5) in base 8?
-14662322
-7bda3 (base 15) to base 4
-1200111102
What is -8a77 (base 15) in base 4?
-13022302
39b2b (base 13) to base 2
11010001101011000
What is -121212110121102 (base 3) in base 2?
-100010001100101101011100
What is 121202120021 (base 3) in base 12?
13ab14
Convert -122201210001 (base 3) to base 13.
-c2b36
-29615 (base 12) to base 5
-3323110
Convert -118c10 (base 16) to base 11.
-715a96
Convert 200323000322 (base 4) to base 10.
8630330
Convert -115287 (base 14) to base 2.
-10010000001010000111
43034041 (base 5) to base 11
227893
What is 11010001010011001110 (base 2) in base 15?
11e02e
-4646742 (base 8) to base 11
-794561
Convert -203324215 (base 6) to base 2.
-1101011100110110110011
2101001110021 (base 3) to base 13
351b26
454272 (base 9) to base 13
96b42
What is -2cd52 (base 15) in base 8?
-432560
1bca2 (base 14) to base 2
10001010110110110
-100031020 (base 4) to base 3
-10101001101
What is -7377623 (base 8) in base 3?
-10200212210202
Convert -1077761 (base 8) to base 14.
-79681
265a02c (base 13) to base 5
11040434224
What is -232230121 (base 4) in base 13?
-69091
Convert 50b5511 (base 12) to base 8.
71667635
-747155 (base 8) to base 4
-330321231
333005 (base 9) to base 5
22332042
Convert 1a978 (base 14) to base 11.
4697a
-10110011010001101100 (base 2) to base 14
-151872
What is -465748 (base 11) in base 12?
-2b8018
11033212311 (base 4) to base 8
5174665
What is 498a5 (base 12) in base 5?
11143043
Convert 18d54 (base 14) to base 6.
1203342
Convert -c6e81 (base 15) to base 5.
-130143041
What is -34523 (base 13) in base 4?
-113101301
Convert -18904 (base 12) to base 7.
-206356
Convert -1001000111100100001001 (base 2) to base 10.
-2390281
Convert 322a9 (base 14) to base 5.
12340102
-60561 (base 9) to base 16
-9b92
Convert -139a7a (base 12) to base 13.
-b6476
What is -12012202201100 (base 3) in base 16?
-2a4722
What is -20100020220110 (base 3) in base 10?
-3370827
-208013 (base 9) to base 12
-5b886
98843 (base 12) to base 13
70a28
10000010100000111110111 (base 2) to base 8
20240767
What is 26186 (base 13) in base 3?
10120211012
Convert 9970 (base 13) to base 12.
10461
What is 6182791 (base 10) in base 2?
10111100101011110000111
Convert -29498 (base 13) to base 4.
-102332000
What is -66732070 (base 8) in base 13?
-2ca1946
Convert 315ca1 (base 15) to base 7.
25650604
What is 2330133203 (base 4) in base 11?
48807a
Convert 37916 (base 13) to base 15.
20602
-260445021 (base 7) to base 5
-13214040142
What is -18a46 (base 11) in base 15?
-7cee
1010201121 (base 3) to base 15
6984
What is 507534 (base 8) in base 2?
101000111101011100
-1a9b6d (base 15) to base 6
-43455534
-5045b (base 15) to base 10
-254111
What is 1014460 (base 14) in base 7?
121266350
156e4 (base 15) to base 16
10dc8
What is 15322234 (base 7) in base 5?
333432240
Convert -221e69 (base 16) to base 12.
-8b9ba1
What is -8b5b (base 15) in base 9?
-44485
-152617 (base 9) to base 13
-33916
Convert -347533 (base 9) to base 5.
-23141204
-e583 (base 16) to base 4
-32112003
What is 1111110111